{"id":3,"date":"2023-01-25T12:32:10","date_gmt":"2023-01-25T12:32:10","guid":{"rendered":"https:\/\/pasarelasdelguadalope.es\/?page_id=3"},"modified":"2024-05-08T15:33:18","modified_gmt":"2024-05-08T15:33:18","slug":"privacy-policy","status":"publish","type":"page","link":"https:\/\/pasarelasdelguadalope.es\/index.php\/privacy-policy\/","title":{"rendered":"P\u00e1gina pol\u00edtica de privacidad"},"content":{"rendered":"\t\t<div data-elementor-type=\"wp-page\" data-elementor-id=\"3\" class=\"elementor elementor-3\" data-elementor-post-type=\"page\">\n\t\t\t\t<div class=\"elementor-element elementor-element-52f200f3 e-flex e-con-boxed e-con e-parent\" data-id=\"52f200f3\" data-element_type=\"container\" data-e-type=\"container\">\n\t\t\t\t\t<div class=\"e-con-inner\">\n\t\t\t\t\t<\/div>\n\t\t\t\t<\/div>\n\t\t<div class=\"elementor-element elementor-element-255670a5 e-con-full e-flex e-con e-parent\" data-id=\"255670a5\" data-element_type=\"container\" data-e-type=\"container\" data-settings=\"{&quot;background_background&quot;:&quot;classic&quot;}\">\n\t\t\t\t<\/div>\n\t\t<div class=\"elementor-element elementor-element-895ec7b e-flex e-con-boxed e-con e-parent\" data-id=\"895ec7b\" data-element_type=\"container\" data-e-type=\"container\" data-settings=\"{&quot;background_background&quot;:&quot;classic&quot;}\">\n\t\t\t\t\t<div class=\"e-con-inner\">\n\t\t\t\t<div class=\"elementor-element elementor-element-857b399 elementor-widget elementor-widget-heading\" data-id=\"857b399\" data-element_type=\"widget\" data-e-type=\"widget\" data-widget_type=\"heading.default\">\n\t\t\t\t<div class=\"elementor-widget-container\">\n\t\t\t\t\t<h2 class=\"elementor-heading-title elementor-size-default\">Pol\u00edtica de privacidad<\/h2>\t\t\t\t<\/div>\n\t\t\t\t<\/div>\n\t\t\t\t<div class=\"elementor-element elementor-element-6e57885 elementor-widget elementor-widget-text-editor\" data-id=\"6e57885\" data-element_type=\"widget\" data-e-type=\"widget\" data-widget_type=\"text-editor.default\">\n\t\t\t\t<div class=\"elementor-widget-container\">\n\t\t\t\t\t\t\t\t\t<p>POLITICA DE PRIVACIDAD La Comarca del Maestrazgo informa a los usuarios del sitio web sobre su pol\u00edtica respecto del tratamiento y protecci\u00f3n de los datos de car\u00e1cter personal de los usuarios y clientes que puedan ser recabados por la navegaci\u00f3n o contrataci\u00f3n de servicios a trav\u00e9s de su sitio web. En este sentido, la Comarca del Maestrazgo, garantiza el cumplimiento de la normativa vigente en materia de protecci\u00f3n de datos personales, reflejada en el Reglamento General de Protecci\u00f3n de Datos (RGPD) (UE) 2016\/679 y en la Ley Org\u00e1nica 3\/2018, de 5 de diciembre, de Protecci\u00f3n de Datos Personales y garant\u00eda de los derechos digitales. \u00bfQui\u00e9n es el responsable del tratamiento de datos personales? Responsable del tratamiento COMARCA DEL MAESTRAZGO N.I.F. Domicilio P4400024H Calle Las Tres Baylas 7, CP. 44140, Cantavieja, Teruel. Tel\u00e9fono Correo electr\u00f3nico 964185242 secretaria@comarcamaestrazgo.org \u00bfCon que finalidad se tratan los datos personales? La Comarca del Maestrazgo trata la informaci\u00f3n que se facilita por medio de esta p\u00e1gina web, para los siguientes fines: \u2022 Resolver cualesquiera preguntas y comentarios plateados por medio del formulario de contacto. \u2022 Publicaci\u00f3n de actividades y otras promociones. \u2022 Gesti\u00f3n administrativa de la actividad Comarcal. La Comarca del Maestrazgo, en ning\u00fan caso tratar\u00e1 los datos personales para finalidades diferentes a las anteriormente indicadas. \u00bfDurante cu\u00e1nto tiempo se conservar\u00e1n los datos personales? Los datos personales proporcionados se conservar\u00e1n mientras se mantenga relaci\u00f3n con la Comarca, hasta que solicite la supresi\u00f3n por parte del interesado, o durante los a\u00f1os necesarios para cumplir con las obligaciones legales. Posteriormente, los datos ser\u00e1n suprimidos conforme a lo dispuesto en la normativa en materia de protecci\u00f3n de datos, lo que implica su bloqueo, estando disponibles tan solo a solicitudes de Jueces y Tribunales, Defensor del Pueblo, Ministerio Fiscal o las Administraciones P\u00fablicas competentes durante el plazo de prescripci\u00f3n de acciones que pudieran derivar y, transcurrido este tiempo, se proceder\u00e1 a su completa eliminaci\u00f3n. \u00bfC\u00f3mo se han obtenido los datos personales y qu\u00e9 categor\u00edas de datos se tratan? Los datos personales que se tratan por parte de la Comarca del Maestrazgo proceden del propio interesado, en el momento en el formulario de contacto: La categor\u00eda de datos que se tratan en el formulario de contacto es: \u2022 Datos de car\u00e1cter identificativo: E-mail. No obstante, al tratarse de un canal de comunicaci\u00f3n, el interesado puede incluir en su mensaje otro tipo de datos personales al aportar su opini\u00f3n y realizar cuestiones o comentarios. \u00bfCu\u00e1l es la legitimaci\u00f3n para utilizar sus datos? La base legitimadora para el tratamiento de datos de car\u00e1cter personal es el consentimiento expreso otorgado por el interesado en el momento en el que acepta esta pol\u00edtica de privacidad de manera previa al env\u00edo de sus datos personales por medio del formulario de contacto (art. 6.1.a RGPD). \u00bfA qu\u00e9 destinatarios se comunicar\u00e1n los datos? Los datos personales no ser\u00e1n cedidos a ning\u00fan tercero, no obstante, tus datos podr\u00e1n ser cedidos a organismos y autoridades p\u00fablicas (administrativas o judiciales) en aquellos casos en los que una norma legal as\u00ed lo establezca. Los datos personales no ser\u00e1n enviados fuera del \u00e1mbito del Espacio Econ\u00f3mico Europeo, por lo que no se producir\u00e1 ninguna transferencia internacional de datos. \u00bfCu\u00e1les son sus derechos cuando facilita su consentimiento? Cualquier persona tiene derecho a obtener confirmaci\u00f3n sobre si en Comarca del Maestrazgo, se est\u00e1n tratando sus datos personales. Las personas interesadas tienen derecho a: o Solicitar el acceso a los datos personales relativos al interesado o Solicitar su rectificaci\u00f3n o supresi\u00f3n o Solicitar la limitaci\u00f3n de su tratamiento o Oponerse al tratamiento Los interesados podr\u00e1n acceder a sus datos personales, as\u00ed como a solicitar la rectificaci\u00f3n de los datos inexactos o, en su caso, solicitar su supresi\u00f3n cuando, entre otros motivos, los datos ya no sean necesarios para los fines que fueron recogidos. En determinadas circunstancias, los interesados podr\u00e1n solicitar la limitaci\u00f3n del tratamiento de sus datos, en cuyo caso \u00fanicamente los conservar\u00e9 para el ejercicio o la defensa de reclamaciones. En determinadas circunstancias y por motivos relacionados con su situaci\u00f3n particular, los interesados podr\u00e1n oponerse al tratamiento de sus datos Comarca del Maestrazgo dejar\u00e1 de tratar los datos, salvo por motivos leg\u00edtimos imperiosos, o el ejercicio o la defensa de posibles reclamaciones. \u00bfC\u00f3mo se pueden ejercer los derechos? Para el ejercicio de los derechos mencionados de acceso, rectificaci\u00f3n, supresi\u00f3n, oposici\u00f3n y limitaci\u00f3n del tratamiento, los afectados deber\u00e1n dirigirse a Comarca del Maestrazgo, en la direcci\u00f3n Calle Las tres Baylas 7, CP.44140, Cantavieja, Teruel. Tambi\u00e9n podr\u00e1 comunicarse con Comarca del Maestrazgo a trav\u00e9s del correo electr\u00f3nico secretaria@comarcamaestrazgo.org. La solicitud de ejercicio del derecho debe de ir acompa\u00f1ada de su nombre y apellidos, fotocopia del DNI\/NIF, derecho que desea solicitar, contenido de su petici\u00f3n y un domicilio a efecto de notificaciones \u00bfPuede presentar una reclamaci\u00f3n ante la AEPD? Los interesados tambi\u00e9n tendr\u00e1n derecho a la tutela judicial efectiva y a presentar una reclamaci\u00f3n ante la autoridad de control, en este caso, la Agencia Espa\u00f1ola de Protecci\u00f3n de Datos, si consideran que el tratamiento de datos personales que le conciernen infringe el Reglamento. Podr\u00e1n reclamar mediante escrito dirigido a la Agencia Espa\u00f1ola de Protecci\u00f3n de Datos, C\/Jorge Juan n\u00ba 6, 28001 Madrid o bien accediendo a su sede electr\u00f3nica: https:\/\/sedeagpd.gob.es\/sede-electronica-web\/<\/p>\t\t\t\t\t\t\t\t<\/div>\n\t\t\t\t<\/div>\n\t\t\t\t\t<\/div>\n\t\t\t\t<\/div>\n\t\t\t\t<\/div>\n\t\t","protected":false},"excerpt":{"rendered":"<p>Pol\u00edtica de privacidad POLITICA DE PRIVACIDAD La Comarca del Maestrazgo informa a los usuarios del sitio web sobre su pol\u00edtica respecto del tratamiento y protecci\u00f3n de los datos de car\u00e1cter personal de los usuarios y clientes que puedan ser recabados por la navegaci\u00f3n o contrataci\u00f3n de servicios a trav\u00e9s de su sitio web. En este [&hellip;]<\/p>\n","protected":false},"author":1,"featured_media":0,"parent":0,"menu_order":0,"comment_status":"closed","ping_status":"open","template":"","meta":{"footnotes":""},"class_list":["post-3","page","type-page","status-publish","hentry"],"_links":{"self":[{"href":"https:\/\/pasarelasdelguadalope.es\/index.php\/wp-json\/wp\/v2\/pages\/3","targetHints":{"allow":["GET"]}}],"collection":[{"href":"https:\/\/pasarelasdelguadalope.es\/index.php\/wp-json\/wp\/v2\/pages"}],"about":[{"href":"https:\/\/pasarelasdelguadalope.es\/index.php\/wp-json\/wp\/v2\/types\/page"}],"author":[{"embeddable":true,"href":"https:\/\/pasarelasdelguadalope.es\/index.php\/wp-json\/wp\/v2\/users\/1"}],"replies":[{"embeddable":true,"href":"https:\/\/pasarelasdelguadalope.es\/index.php\/wp-json\/wp\/v2\/comments?post=3"}],"version-history":[{"count":4,"href":"https:\/\/pasarelasdelguadalope.es\/index.php\/wp-json\/wp\/v2\/pages\/3\/revisions"}],"predecessor-version":[{"id":605,"href":"https:\/\/pasarelasdelguadalope.es\/index.php\/wp-json\/wp\/v2\/pages\/3\/revisions\/605"}],"wp:attachment":[{"href":"https:\/\/pasarelasdelguadalope.es\/index.php\/wp-json\/wp\/v2\/media?parent=3"}],"curies":[{"name":"wp","href":"https:\/\/api.w.org\/{rel}","templated":true}]}}